e
Does 100 divide 2846000?
True
Is 6780020 a multiple of 586?
True
Is 414250 a multiple of 25?
True
Is 36 a factor of 54908?
False
Is 255925 a multiple of 11?
False
Is 20622000 a multiple of 400?
True
Is 14 a factor of 509994?
False
Does 1066 divide 4941976?
True
Is 586 a factor of 477590?
True
Is 9 a factor of 102681?
True
Is 254 a factor of 25361446?
False
Is 53 a factor of 124020?
True
Is 113 a factor of 190066?
True
Is 610 a factor of 386740?
True
Does 222 divide 1190586?
True
Is 20 a factor of 48960?
True
Is 9 a factor of 483?
False
Does 2 divide 153442?
True
Is 964 a factor of 12782640?
True
Does 6 divide 78918?
True
Is 134673 a multiple of 231?
True
Is 56 a factor of 659214?
False
Does 41 divide 82615?
True
Is 492200 a multiple of 92?
True
Is 913469 a multiple of 193?
True
Is 44065 a multiple of 10?
False
Is 226746 a multiple of 57?
True
Does 8 divide 4343600?
True
Does 15 divide 730645?
False
Is 36 a factor of 3269534?
False
Is 137722 even?
True
Does 25 divide 7388875?
True
Does 4 divide 130408?
True
Does 30 divide 30234480?
True
Is 5 a factor of 97129?
False
Is 103704 a multiple of 146?
False
Does 133 divide 9350557?
False
Is 556575 a multiple of 181?
True
Is 4732900 a multiple of 265?
True
Does 156 divide 128388?
True
Is 1182837 a multiple of 941?
True
Does 22 divide 3926911?
False
Is 7943090 a multiple of 10?
True
Is 289083 a multiple of 7?
False
Is 17 a factor of 8765353?
True
Does 84 divide 1007103?
False
Is 24459 a multiple of 93?
True
Is 6 a factor of 803836?
False
Is 6 a factor of 1664589?
False
Is 185088 a multiple of 9?
False
Does 37 divide 89577?
True
Is 2696834 a multiple of 298?
False
Does 29 divide 393968?
False
Is 15061914 a multiple of 441?
True
Is 245 a factor of 150430?
True
Does 44 divide 171904?
False
Is 3736260 a multiple of 814?
True
Is 131515 a multiple of 9?
False
Is 194 a factor of 996276?
False
Is 762552 a multiple of 84?
True
Is 1868204 a multiple of 13?
True
Does 119 divide 22372?
True
Is 524 a factor of 790965?
False
Does 36 divide 228240?
True
Is 53 a factor of 2004662?
False
Is 500266 a multiple of 147?
False
Is 74052 a multiple of 44?
True
Is 12 a factor of 979968?
True
Does 93 divide 12175603?
False
Is 98 a factor of 6080627?
False
Is 14 a factor of 728?
True
Does 304 divide 3728560?
True
Is 151560 a multiple of 20?
True
Is 10410318 a multiple of 1266?
True
Is 260 a factor of 121420?
True
Does 17 divide 66912?
True
Does 9 divide 249849?
True
Is 2009466 a multiple of 173?
False
Is 175 a factor of 12080425?
True
Is 226491 a multiple of 8?
False
Is 106395 a multiple of 519?
True
Is 134857 a multiple of 18?
False
Does 95 divide 32047015?
True
Is 9 a factor of 406084?
False
Does 757 divide 27190683?
True
Does 79 divide 461498?
False
Is 63 a factor of 174514?
False
Does 88 divide 2198523?
False
Is 12 a factor of 2677140?
True
Is 6680947 a multiple of 441?
False
Is 13 a factor of 1428885?
False
Is 297 a factor of 577071?
True
Is 25 a factor of 107675?
True
Is 162880 a multiple of 10?
True
Is 79 a factor of 1304338?
False
Is 14 a factor of 246162?
True
Does 20 divide 33780?
True
Is 5 a factor of 257956?
False
Does 28 divide 1222144?
True
Is 15 a factor of 1264527?
False
Is 560 a factor of 28936320?
True
Is 3 a factor of 7084?
False
Is 166 a factor of 115791?
False
Is 3051257 a multiple of 151?
True
Does 3 divide 263790?
True
Is 7 a factor of 484686?
False
Is 164066 a multiple of 201?
False
Is 562540 a multiple of 22?
True
Is 153088 a multiple of 165?
False
Does 68 divide 2869322?
False
Does 317 divide 5634675?
True
Does 212 divide 2877324?
False
Is 10834169 a multiple of 83?
False
Does 317 divide 2935420?
True
Does 22 divide 793914?
True
Is 551835 a multiple of 45?
True
Does 33 divide 1140933?
False
Is 634 a factor of 313196?
True
Is 103 a factor of 780369?
False
Is 37 a factor of 826950?
True
Is 70925 a multiple of 157?
False
Does 261 divide 51913?
False
Does 22 divide 97514?
False
Is 152706 a multiple of 93?
True
Is 64 a factor of 423040?
True
Does 690 divide 5688881?
False
Is 290 a multiple of 8?
False
Is 64 a factor of 118976?
True
Does 14 divide 2672?
False
Does 13 divide 43121?
True
Does 131 divide 621832?
False
Is 347 a factor of 8997?
False
Does 12 divide 873636?
True
Is 16 a factor of 204624?
True
Is 603 a factor of 476973?
True
Is 21 a factor of 624703?
False
Is 9 a factor of 106497?
True
Is 559 a factor of 8345870?
True
Is 54747 even?
False
Is 110 a factor of 17050?
True
Is 449 a factor of 792616?
False
Is 108 a factor of 31050?
False
Is 143 a factor of 51124?
False
Does 21 divide 991115?
False
Is 269212 a multiple of 169?
False
Is 93 a factor of 156277?
False
Is 202000 a multiple of 125?
True
Is 56512 a multiple of 7?
False
Does 27 divide 6442313?
False
Is 2089 a multiple of 4?
False
Is 139 a factor of 247420?
True
Does 760 divide 7315760?
True
Does 11 divide 18649852?
False
Is 489468 a multiple of 5?
False
Is 21 a factor of 18165?
True
Is 19 a factor of 103886?
False
Is 181 a factor of 237037?
False
Does 98 divide 2113272?
True
Is 1189 a factor of 3650230?
True
Does 13 divide 92157?
True
Is 2231114 a multiple of 88?
False
Is 1825364 a multiple of 543?
False
Does 230 divide 382950?
True
Does 71 divide 56230?
False
Does 9 divide 423064?
False
Does 244 divide 6364496?
True
Is 4320 a multiple of 15?
True
Is 375 a factor of 3424921?
False
Is 76 a factor of 131556?
True
Is 12 a factor of 9201036?
True
Is 10764 a multiple of 44?
False
Is 97396 a multiple of 9?
False
Is 84 a factor of 318360?
True
Is 18 a factor of 2623932?
True
Is 4 a factor of 33353?
False
Is 1236 a factor of 6058872?
True
Is 150 a factor of 35850?
True
Is 937896 a multiple of 24?
True
Does 29 divide 16107971?
False
Is 360782 a multiple of 391?
False
Is 188 a factor of 2492880?
True
Is 18 a factor of 1379?
False
Does 69 divide 36777?
True
Is 33 a factor of 634967?
False
Is 11 a factor of 198198?
True
Is 697461 a multiple of 24?
False
Does 143 divide 1345058?
True
Is 157 a factor of 83838?
True
Does 2 divide 1611646?
True
Is 14077557 a multiple of 13?
True
Is 136 a factor of 95311?
False
Is 460 a factor of 2644540?
True
Is 20553 a multiple of 403?
True
Is 9 a factor of 8826615?
True
Is 1023999 a multiple of 115?
False
Is 3681194 a multiple of 298?
True
Is 766 a factor of 378404?
True
Is 14988132 a multiple of 60?
False
Is 2148445 a multiple of 11?
False
Is 199 a factor of 1990?
True
Does 11 divide 16368?
True
Is 587 a factor of 2595354?
False
Does 384 divide 2548224?
True
Is 440 a factor of 135960?
True
Does 78 divide 401934?
True
Does 790 divide 1389610?
True
Is 6166031 a multiple of 2549?
True
Is 1401055 a multiple of 4?
False
Is 20 a factor of 51060?
True
Is 390565 a multiple of 7?
True
Does 198 divide 1618650?
True
Is 12 a factor of 20072?
False
Does 61 divide 3609701?
False
Is 3813638 a multiple of 2?
True
Does 46 divide 33856?
True
Is 41869 a multiple of 6?
False
Is 118528 a multiple of 310?
False
Is 240 a factor of 204240?
True
Does 12 divide 5114496?
True
Does 13 divide 1924741?
True
Is 2116 a multiple of 52?
False
Is 10 a factor of 2214158?
False
Is 157770 a multiple of 18?
True
Is 84 a factor of 672000?
True
Is 13191 even?
False
Is 179 a factor of 1569651?
True
Does 5 divide 207055?
True
Is 763 a factor of 5865593?
False
Is 878393 a multiple of 23?
True
Is 4664016 a multiple of 16?
True
Is 613777 a multiple of 237?
False
Is 17472845 a multiple of 171?
False
Is 1604 a factor of 1429536?
False
Is 16 a factor of 1547968?
True
Is 2020291 a multiple of 25?
False
Is 112 a factor of 2221645?
False
Is 7492683 a multiple of 60?
False
Does 656 divide 292576?
True
Does 24 divide 142019?
False
Is 142216 a multiple of 4?
True
Is 22161 a multiple of 27?
False
Is 14 a factor of 2024074?
False
Is 69 a factor of 3489192?
True
Is 13342683 a multiple of 1623?
True
Is 24 a factor of 349346?
False
Is 13165402 a multiple of 33?
False
Does 210 divide 153510?
True
Does 70 divide 2166430?
True
Is 4440393 a multiple of 12?
False
Is 2059548 a multiple of 557?
False
Is 9 a factor of 2458888?
False
Does 855 divide 314640?
True
Is 18850500 a multiple of 590?
True
Does 30 divide 43410?
True
Does 147 divide 11650292?
False
Does 426 divide 909936?
True
Is 5 a factor of 247377?
False
Is 145156 a multiple of 78?
False
Is 23 a factor of 486979?
True
Does 108 